late the remainder when 190 is divided by 103.
87
Calculate the remainder when 361 is divided by 7.
4
What is the remainder when 584 is divided by 31?
26
Calculate the remainder when 414 is divided by 84.
78
What is the remainder when 25 is divided by 15?
10
Calculate the remainder when 58 is divided by 22.
14
Calculate the remainder when 2310 is divided by 17.
15
What is the remainder when 4094 is divided by 128?
126
What is the remainder when 28 is divided by 7?
0
What is the remainder when 522 is divided by 261?
0
Calculate the remainder when 196 is divided by 40.
36
What is the remainder when 11866 is divided by 12?
10
What is the remainder when 2209 is divided by 84?
25
Calculate the remainder when 846 is divided by 195.
66
What is the remainder when 3138 is divided by 43?
42
Calculate the remainder when 2406 is divided by 73.
70
What is the remainder when 386 is divided by 40?
26
Calculate the remainder when 506 is divided by 131.
113
What is the remainder when 170 is divided by 59?
52
Calculate the remainder when 937 is divided by 105.
97
What is the remainder when 397 is divided by 61?
31
Calculate the remainder when 1403 is divided by 37.
34
Calculate the remainder when 46 is divided by 36.
10
Calculate the remainder when 167 is divided by 5.
2
What is the remainder when 448 is divided by 68?
40
Calculate the remainder when 1295 is divided by 9.
8
Calculate the remainder when 98 is divided by 60.
38
Calculate the remainder when 297 is divided by 30.
27
What is the remainder when 57 is divided by 50?
7
What is the remainder when 544 is divided by 58?
22
What is the remainder when 8 is divided by 7?
1
Calculate the remainder when 168 is divided by 3.
0
Calculate the remainder when 107 is divided by 3.
2
What is the remainder when 275 is divided by 83?
26
Calculate the remainder when 6834 is divided by 5.
4
Calculate the remainder when 173 is divided by 91.
82
What is the remainder when 46 is divided by 14?
4
What is the remainder when 338 is divided by 11?
8
Calculate the remainder when 36 is divided by 13.
10
What is the remainder when 4422 is divided by 12?
6
Calculate the remainder when 440 is divided by 9.
8
Calculate the remainder when 8230 is divided by 2743.
1
Calculate the remainder when 343 is divided by 58.
53
What is the remainder when 2445 is divided by 43?
37
What is the remainder when 998 is divided by 32?
6
Calculate the remainder when 801 is divided by 58.
47
Calculate the remainder when 2718 is divided by 136.
134
Calculate the remainder when 120 is divided by 8.
0
What is the remainder when 159 is divided by 20?
19
What is the remainder when 114 is divided by 36?
6
What is the remainder when 332 is divided by 38?
28
What is the remainder when 829 is divided by 83?
82
Calculate the remainder when 1707 is divided by 28.
27
What is the remainder when 2302 is divided by 288?
286
Calculate the remainder when 395 is divided by 125.
20
What is the remainder when 2795 is divided by 63?
23
Calculate the remainder when 1059 is divided by 1054.
5
Calculate the remainder when 15310 is divided by 88.
86
What is the remainder when 60 is divided by 42?
18
What is the remainder when 47 is divided by 18?
11
Calculate the remainder when 161 is divided by 97.
64
Calculate the remainder when 423 is divided by 13.
7
Calculate the remainder when 516 is divided by 130.
126
What is the remainder when 1563 is divided by 34?
33
What is the remainder when 2025 is divided by 494?
49
What is the remainder when 69 is divided by 19?
12
Calculate the remainder when 326 is divided by 32.
6
What is the remainder when 2464 is divided by 29?
28
Calculate the remainder when 248 is divided by 127.
121
What is the remainder when 1333 is divided by 428?
49
Calculate the remainder when 361 is divided by 119.
4
What is the remainder when 247 is divided by 15?
7
Calculate the remainder when 411 is divided by 136.
3
Calculate the remainder when 927 is divided by 156.
147
Calculate the remainder when 98 is divided by 11.
10
What is the remainder when 263 is divided by 18?
11
What is the remainder when 132 is divided by 36?
24
What is the remainder when 727 is divided by 9?
7
What is the remainder when 2344 is divided by 2?
0
Calculate the remainder when 44 is divided by 8.
4
Calculate the remainder when 5649 is divided by 10.
9
Calculate the remainder when 147 is divided by 40.
27
Calculate the remainder when 717 is divided by 33.
24
Calculate the remainder when 203 is divided by 19.
13
Calculate the remainder when 104 is divided by 92.
12
Calculate the remainder when 401 is divided by 125.
26
Calculate the remainder when 48 is divided by 13.
9
What is the remainder when 394 is divided by 80?
74
Calculate the remainder when 190 is divided by 33.
25
What is the remainder when 118 is divided by 10?
8
Calculate the remainder when 707 is divided by 158.
75
What is the remainder when 386 is divided by 145?
96
Calculate the remainder when 35154 is divided by 187.
185
Calculate the remainder when 180 is divided by 59.
3
What is the remainder when 337 is divided by 29?
18
Calculate the remainder when 125 is divided by 45.
35
Calculate the remainder when 284 is divided by 166.
118
What is the remainder when 293 is divided by 61?
49
What is the remainder when 829 is divided by 405?
19
Calculate the remainder when 55 is divided by 18.
1
Calculate the remainder when 57 is divided by 31.
26
Calculate the remainder when 145 is divided by 25.
20
What is the remainder when 35 is divided by 21?
14
Calculate the remainder when 2309 is divided by 33.
32
What is the remainder when 1182 is divided by 22?
16
What is the remainder when 215 is divided by 111?
104
Calculate the remainder when 243 is divided by 71.
30
Calculate the remainder when 5499 is divided by 131.
128
What is the remainder when 1700 is divided by 283?
2
Calculate the remainder when 2533 is divided by 178.
41
What is the remainder when 648 is divided by 54?
0
What is the remainder when 216 is divided by 49?
20
What is the remainder when 1284 is divided by 209?
30
What is the remainder when 96 is divided by 46?
4
Calculate the remainder when 195 is divided by 98.
97
What is the remainder when 2056 is divided by 259?
243
Calculate the remainder when 102 is divided by 16.
6
Calculate the remainder when 123 is divided by 62.
61
What is the remainder when 9383 is divided by 21?
17
What is the remainder when 463 is divided by 7?
1
Calculate the remainder when 325 is divided by 15.
10
What is the remainder when 1470 is divided by 61?
6
Calculate the remainder when 122 is divided by 33.
23
What is the remainder when 11206 is divided by 4?
2
What is the remainder when 172 is divided by 14?
4
Calculate the remainder when 256 is divided by 86.
84
What is the remainder when 3405 is divided by 13?
12
What is the remainder when 1227 is divided by 44?
39
What is the remainder when 829 is divided by 190?
69
What is the remainder when 286 is divided by 13?
0
What is the remainder when 522 is divided by 51?
12
What is the remainder when 884 is divided by 442?
0
What is the remainder when 80 is divided by 66?
14
Calculate the remainder when 1432 is divided by 57.
7
Calculate the remainder when 537 is divided by 20.
17
Calculate the remainder when 14 is divided by 6.
2
Calculate the remainder when 143 is divided by 33.
11
Calculate the remainder when 156 is divided by 106.
50
What is the remainder when 1884 is divided by 467?
16
Calculate the remainder when 295 is divided by 8.
7
What is the remainder when 3362 is divided by 1119?
5
Calculate the remainder when 82 is divided by 45.
37
What is the remainder when 513 is divided by 77?
51
Calculate the remainder when 49446 is divided by 159.
156
What is the remainder when 418 is divided by 25?
18
Calculate the remainder when 201 is divided by 26.
19
Calculate the remainder when 1425 is divided by 46.
45
Calculate the remainder when 2073 is divided by 139.
127
What is the remainder when 21 is divided by 11?
10
What is the remainder when 441 is divided by 120?
81
Calculate the remainder when 118 is divided by 110.
8
Calculate the remainder when 2173 is divided by 17.
14
Calculate the remainder when 15747 is divided by 50.
47
What is the remainder when 7341 is divided by 7335?
6
What is 